et l(t) = t**3 + 6*t**2 - 7*t + 6. Let n be l(k). What is the highest common factor of 336 and n?
48
Let x be (-3020)/(-50) + 4/(-10). Suppose x = -4*z + 456. What is the greatest common factor of z and 9?
9
Suppose -h + 8 = r, -19*r + 14*r + 4*h + 76 = 0. Calculate the highest common factor of r and 4.
4
Suppose 4*l = -2*u + 1040, 5*l - 1050 = -4*u + 1042. What is the greatest common divisor of 144 and u?
48
Suppose -65 = -5*b + 55. Let g(c) = -3*c - 4. Let w be g(-3). Suppose 2 = y + 4*r, -w*r + r - 4 = 0. What is the highest common factor of b and y?
6
Let l be 48/(-32)*(-208)/12. What is the highest common factor of 4 and l?
2
Let f be 1512/294*(-42)/(-4). What is the greatest common divisor of f and 126?
18
Suppose 2*f + 52 = 14. Suppose -125 = -4*g + 5*v, 3*g + 17 = -v + 106. Let k = f + g. What is the greatest common factor of k and 11?
11
Let o = -234 + 246. Calculate the greatest common divisor of o and 348.
12
Suppose -88 = -o - 34. Calculate the highest common divisor of o and 378.
54
Suppose -6*s + 2*s + 196 = 0. Let u = -32 + s. Calculate the greatest common divisor of u and 51.
17
Suppose -7*i - 8*i = -7020. What is the greatest common factor of i and 65?
13
Let g(r) = -r**3 - 15*r**2 + 22*r + 34. Let t be g(-16). Let h = 75 + t. Calculate the highest common factor of h and 39.
13
Let d(t) = 2*t**2 - 18*t + 4. Let j be ((-27)/6)/((-2)/4). Let s be d(j). Calculate the greatest common factor of s and 32.
4
Suppose -7*d + 166 = -2375. What is the greatest common factor of d and 99?
33
Suppose -5*k + 169 = -3*l - 195, 5*l - 340 = -5*k. Calculate the highest common factor of k and 639.
71
Let m be (6/(-8))/(7/3948)*-1. Calculate the greatest common factor of m and 47.
47
Let a be 5/(5/4 - 1). Let c = 6369 + -6364. Calculate the greatest common factor of a and c.
5
Suppose j = p - 6, -4*j = 18 - 2. Suppose 9*f = 5*d + 6*f - 41, -3*d + 24 = -p*f. Calculate the highest common divisor of d and 2.
2
Let f(i) = i**3 - 4*i**2 - 5*i + 2. Let z be f(5). Suppose -p + 13 - 5 = -2*h, p + 5*h - 1 = 0. Calculate the greatest common factor of p and z.
2
Let l be 5751/54 - (-10)/(-4). Let k = 22 + -9. What is the highest common factor of l and k?
13
Let q be -3 - (-32 + 7) - 4. What is the highest common divisor of 42 and q?
6
Let l be (-16 + 1)*1/(-3). Let z be 15/3*8/l. Suppose z = -2*i + 28. What is the greatest common factor of i and 110?
10
Let r(i) = i**3 + 10*i**2 + 10*i + 2. Let c be r(-8). Let f = -58 + 68. Calculate the highest common factor of c and f.
10
Let l = -13 - -16. Suppose -15 = -3*o - t, 5*t = -3*o - 0*o + l. Suppose 2*m - 30 + 0 = 0. What is the highest common divisor of m and o?
3
Let i be (-2)/(-8) + (-46)/(-8). Suppose -2*t + 10 = 3*f - 3*t, 2*f + 2*t + 4 = 0. What is the greatest common factor of f and i?
2
Let i(v) = v**2 + 45*v + 89. Let k be i(-44). Calculate the highest common factor of k and 225.
45
Suppose -3*n = -2*s - 400, -5*n + s + 684 = 2*s. Suppose -2*x - 120 = -2*z - 2*z, -n = -4*z - 2*x. Let o = 8 + -4. What is the highest common factor of o and z?
4
Suppose -2*r + 4*r - 8 = 0. Let o = -4395 + 4399. Calculate the highest common factor of o and r.
4
Let q be (-2790)/(-70) - 8 - 1/(-7). What is the highest common factor of 160 and q?
32
Suppose -7 - 3 = 5*p, 0 = 2*i + 3*p. Suppose -24 = -4*a + 16. Let t be (a/4 - i)*-48. Calculate the highest common factor of 120 and t.
24
Suppose -15 = -0*q - 3*q. Suppose -5*d - 3 = 4*a + 1, -32 = -q*a + 3*d. Calculate the greatest common divisor of 1 and a.
1
Suppose 4 = 3*r + 40. Let a be 320/r*9/(-4). Let x be a*1*(-4)/(-8). Calculate the highest common factor of 20 and x.
10
Let r be 165/88 + (-2)/(-16). Suppose 5*n - 180 = r*n. Calculate the highest common factor of n and 40.
20
Let l(k) = k**3 + 9*k**2 - 3*k - 12. Suppose -o - 50 = 5*a, o + 0 = a + 4. Let h be l(a). Calculate the highest common divisor of h and 30.
15
Let h = -40 - -43. Suppose 2*s = -4*y + 24, -h*s - 2 = -y - 24. What is the highest common factor of s and 20?
4
Let x = -164 + 308. Calculate the highest common divisor of x and 32.
16
Let y = 4 + -3. Suppose 0 = -3*t - 2*x + 27, t - 7*x - 49 = -17. Calculate the highest common factor of y and t.
1
Let q = 48 - 37. Let x be (6399/198 - (-2)/q)*2. Calculate the greatest common factor of 13 and x.
13
Let d = -78 - -97. Let l(k) = 39*k**2 - 1. Let g be l(1). Calculate the highest common factor of g and d.
19
Let k(t) = -21*t**3 - 5*t**2 - 3*t - 4. Let h be k(-2). Calculate the highest common factor of h and 525.
75
Let v = 560 + -388. Suppose 0 = 75*b - 919 - 2306. Calculate the highest common factor of b and v.
43
Suppose -91*d + 215 = -86*d - t, d - 64 = -4*t. Calculate the greatest common factor of d and 638.
22
Let c(i) = 13*i - 121. Let j be c(10). Calculate the highest common divisor of 4662 and j.
9
Let u(k) = 2 - 2*k - 8*k**2 + 2*k - 7*k**3 + 2*k + 0*k. Let d be u(-2). What is the greatest common divisor of 22 and d?
22
Suppose 213*z - 230*z = -10812. What is the greatest common divisor of 12 and z?
12
Let w(b) = 3*b**2 + b + 2. Let p be w(-2). Suppose -3112 = -4*o - 796. Suppose -9*k + o = -177. What is the greatest common factor of p and k?
12
Let q = 32 + -29. Suppose -q*b + 13 + 8 = 0. What is the greatest common factor of 21 and b?
7
Let t = 14 + -19. Let a(f) = 14*f**2 - 8*f**2 - 2*f**2 + 13 - 3*f**2 + 5*f. Let w be a(t). What is the greatest common factor of w and 91?
13
Suppose 8*f + 73 = -255. Let j = 48 + f. What is the greatest common factor of 49 and j?
7
Let o be (-16 + 8)*1/(-4). Suppose -5 = c, -o*q = -0*q - c - 103. Suppose -4 - 3 = -f. What is the highest common factor of f and q?
7
Let q = 1289 - 1219. Calculate the greatest common factor of q and 7.
7
Let b(d) = 245*d**3 + 8*d**2 - 2*d + 1. Let m be b(2). What is the highest common factor of m and 117?
117
Let o = -10 + 80. Let z = -11 + 13. Suppose z*m = 5*m - 42. What is the greatest common factor of m and o?
14
Let i(f) = 2*f**2 + 47*f + 32. Let c be i(-24). Let d = 31 + -51. Let t = d + 28. What is the greatest common divisor of t and c?
8
Suppose 0 = 4*s + 5*q - 176, -3*s - 2*s = -5*q - 175. Calculate the highest common factor of 26 and s.
13
Let f = 50 - 49. Suppose 14*z - 27 = f. What is the highest common divisor of 18 and z?
2
Let j(l) = -l**3 - 13*l**2 - 5*l - 17. Let z be j(-13). Let n = z + -9. Suppose 219 = 5*r + n. Calculate the highest common factor of r and 24.
12
Let t(f) = 8*f - 163. Let m be t(21). What is the greatest common factor of m and 55?
5
Let p(s) = s**2 + 13*s + 2. Let w be p(-12). Let u be (8/w)/((-5)/125). Calculate the highest common factor of u and 40.
20
Let t(g) = -21*g**3 - g**2 - 6*g - 5. Let c be -2*(-2)/((-2 - 0) + -2). Let a be t(c). What is the highest common factor of a and 21?
21
Let t(h) = 4*h**2 + 21*h. Let d be t(6). What is the highest common divisor of 60 and d?
30
Let z(n) = 68*n**2 - 2*n - 6. Let s be (7 - 4) + -7 - -2. Let p be z(s). Calculate the highest common divisor of p and 30.
30
Let t = -93 - -103. What is the greatest common factor of t and 15?
5
Let s(h) be the second derivative of h**5/20 - h**4/12 - 14*h. Let n be s(3). What is the greatest common factor of 27 and n?
9
Suppose -v - 102 = -5*v - 2*c, 2*c = 5*v - 150. Calculate the highest common factor of v and 182.
14
Let i(z) = -5*z**3 + z**2 - 1. Let r be i(-1). Suppose -4*h + r*n + 5 + 4 = 0, 0 = -5*h - 4*n + 1. Calculate the greatest common factor of 7 and h.
1
Let r be (-4)/66*-234 + 2/(-11). Let x(o) = 24*o - 39. Let v be x(r). What is the highest common factor of 11 and v?
11
Suppose 0*h - 2 = -h. Suppose 3*n + 4 = t, -t - t = -n + h. Let g be 3 - -8 - (-4)/n. Calculate the highest common divisor of 9 and g.
9
Suppose -2*r + 615 = r. Let g be -139 - (4/4 - 1). Let s = r + g. Calculate the highest common divisor of s and 44.
22
Let x(y) = -8*y + 59. Let k be x(-17). Suppose 0 = -3*t + 6*t - k. Calculate the highest common factor of 5 and t.
5
Let u = -51 + 107. Let y = -44 + u. Calculate the greatest common factor of y and 48.
12
Let c(n) = -n**3 + 10*n**2 + n - 7. Let g be (120/32)/((-3)/(-8)). Let t be c(g). Suppose 0 - 12 = -t*o. Calculate the greatest common divisor of o and 1.
1
Let s be (-1)/3 - (-35)/(-3). Let j = 22 + s. Suppose 5*c - 315 = -4*v, 4*v = 7*